rime factors of 603658266?
2, 3, 6217, 16183
What are the prime factors of 475363924?
2, 7, 1117, 15199
What are the prime factors of 1917562578?
2, 3, 23, 53, 11399
List the prime factors of 830449308.
2, 3, 13, 59, 90227
What are the prime factors of 4831527963?
3, 3527, 456623
What are the prime factors of 3506920981?
367, 9555643
What are the prime factors of 3785504670?
2, 3, 5, 83, 331, 1531
List the prime factors of 66287476.
2, 419, 39551
What are the prime factors of 39947223?
3, 13315741
What are the prime factors of 92157816?
2, 3, 17, 107, 2111
List the prime factors of 762462460.
2, 5, 257, 148339
What are the prime factors of 68544009?
3, 2538667
List the prime factors of 840075122.
2, 53, 7925237
What are the prime factors of 222336298?
2, 111168149
What are the prime factors of 2659060285?
5, 7, 75973151
What are the prime factors of 52369970?
2, 5, 281, 18637
List the prime factors of 2454002113.
30557, 80309
What are the prime factors of 949193023?
8761, 108343
List the prime factors of 2845650.
2, 3, 5, 61, 311
List the prime factors of 1916107764.
2, 3, 101, 103, 15349
What are the prime factors of 301873624?
2, 13, 17, 113, 1511
List the prime factors of 55757934.
2, 3, 23, 134681
What are the prime factors of 3599160?
2, 3, 5, 89, 337
List the prime factors of 8046248039.
79, 103, 307, 3221
List the prime factors of 1475315.
5, 109, 2707
List the prime factors of 13658355.
3, 5, 101173
What are the prime factors of 58955727?
3, 19, 97, 10663
What are the prime factors of 141889940?
2, 5, 691, 10267
What are the prime factors of 2459756274?
2, 3, 569, 720491
What are the prime factors of 322119246?
2, 3, 5653, 9497
What are the prime factors of 100313888?
2, 277, 11317
What are the prime factors of 484853681?
13, 43, 59, 61, 241
List the prime factors of 40830583.
17, 337, 7127
What are the prime factors of 432566990?
2, 5, 4409, 9811
List the prime factors of 52158312.
2, 3, 17, 43, 991
List the prime factors of 173298384.
2, 3, 7, 171923
List the prime factors of 2006246145.
3, 5, 2797, 47819
List the prime factors of 1896107140.
2, 5, 94805357
List the prime factors of 160479280.
2, 5, 13, 23, 6709
What are the prime factors of 28722881?
11, 89, 29339
List the prime factors of 1077351230.
2, 5, 89, 211, 5737
What are the prime factors of 345347228?
2, 3251, 26557
What are the prime factors of 3569107017?
3, 7, 347, 489791
List the prime factors of 880628905.
5, 13, 67, 433, 467
What are the prime factors of 27604455?
3, 5, 1840297
List the prime factors of 7789024089.
3, 7, 11, 11239573
List the prime factors of 3878172057.
3, 37, 34938487
What are the prime factors of 85266284?
2, 103, 349, 593
List the prime factors of 81435965.
5, 13, 79, 15859
List the prime factors of 256098749.
853, 300233
List the prime factors of 62690244.
2, 3, 5224187
What are the prime factors of 20020314?
2, 3, 311, 10729
List the prime factors of 275896498.
2, 137948249
What are the prime factors of 339317177?
3253, 104309
List the prime factors of 1342095603.
3, 1621, 275981
List the prime factors of 6387598155.
3, 5, 425839877
What are the prime factors of 103257508?
2, 25814377
List the prime factors of 45081897.
3, 7, 173, 12409
List the prime factors of 162978619.
162978619
List the prime factors of 5334636145.
5, 67, 1319, 12073
List the prime factors of 3005691464.
2, 8863, 42391
What are the prime factors of 23555746?
2, 79, 149087
What are the prime factors of 522261731?
41, 1301, 9791
What are the prime factors of 2943587319?
3, 29, 33834337
List the prime factors of 102837054.
2, 3, 103, 166403
What are the prime factors of 7610630521?
13, 585433117
List the prime factors of 2663722740.
2, 3, 5, 7, 31, 204587
What are the prime factors of 42033600?
2, 3, 5, 7, 139
What are the prime factors of 18768633?
3, 13, 37019
What are the prime factors of 6990584186?
2, 3495292093
What are the prime factors of 2609943144?
2, 3, 107, 883, 1151
What are the prime factors of 317559168?
2, 3, 61, 4519
List the prime factors of 4893783313.
55117, 88789
What are the prime factors of 8927495?
5, 457, 3907
What are the prime factors of 206187585?
3, 5, 887, 15497
What are the prime factors of 136292625?
3, 5, 7, 641
List the prime factors of 3849155216.
2, 1061, 226741
What are the prime factors of 80002009?
80002009
What are the prime factors of 4645390688?
2, 709, 204751
What are the prime factors of 1119836606?
2, 7, 379, 211051
What are the prime factors of 110894308?
2, 7, 83, 47717
List the prime factors of 509498392.
2, 13, 23, 31, 6871
What are the prime factors of 52472031?
3, 37, 472721
What are the prime factors of 836114222?
2, 1447, 288913
List the prime factors of 588604306.
2, 19, 15489587
What are the prime factors of 71766777?
3, 1259, 19001
List the prime factors of 14790883.
14790883
List the prime factors of 462094585.
5, 92418917
What are the prime factors of 1090891143?
3, 10639, 11393
List the prime factors of 1490466331.
73, 383, 53309
What are the prime factors of 275355686?
2, 1013, 135911
List the prime factors of 195798625.
5, 11, 157, 907
List the prime factors of 47713121.
587, 81283
What are the prime factors of 2347352?
2, 7, 167, 251
List the prime factors of 5128135086.
2, 3, 149, 5736169
What are the prime factors of 267310730?
2, 5, 199, 134327
What are the prime factors of 2137931753?
409, 1931, 2707
What are the prime factors of 260559449?
67, 641, 6067
List the prime factors of 637642222.
2, 7, 17, 149, 17981
List the prime factors of 8530175.
5, 17, 20071
What are the prime factors of 758688049?
7, 61, 1776787
List the prime factors of 66666665.
5, 13, 1025641
What are the prime factors of 290961432?
2, 3, 751, 5381
What are the prime factors of 843773395?
5, 127, 1328777
What are the prime factors of 154033063?
1657, 92959
What are the prime factors of 407346636?
2, 3, 1871, 18143
List the prime factors of 1267291186.
2, 7, 90520799
List the prime factors of 2215454682.
2, 3, 7, 19, 2776259
List the prime factors of 44676881.
44676881
What are the prime factors of 1742915529?
3, 64552427
List the prime factors of 175284412.
2, 809, 54167
What are the prime factors of 156014759?
61, 491, 5209
List the prime factors of 327856089.
3, 11, 9935033
What are the prime factors of 486876328?
2, 17, 23, 31, 5021
What are the prime factors of 4922163810?
2, 3, 5, 61, 653, 1373
List the prime factors of 58376876.
2, 661, 22079
What are the prime factors of 479338902?
2, 3, 7, 17, 223781
What are the prime factors of 3321281716?
2, 830320429
List the prime factors of 32812089.
3, 281, 38923
What are the prime factors of 833612882?
2, 2389, 174469
List the prime factors of 37099017.
3, 101, 40813
List the prime factors of 5487284.
2, 11, 311, 401
List the prime factors of 258372392.
2, 17, 1899797
What are the prime factors of 233979294?
2, 3, 1327, 29387
What are the prime factors of 4997415613?
4997415613
List the prime factors of 2945462771.
683, 4312537
List the prime factors of 296240690.
2, 5, 23, 1288003
What are the prime factors of 457282408?
2, 11, 37, 140443
What are the prime factors of 4123860715?
5, 13, 31, 37, 55313
What are the prime factors of 71481555?
3, 5, 283, 1871
What are the prime factors of 320543481?
3, 106847827
What are the prime factors of 2367685682?
2, 199, 5948959
What are the prime factors of 3134758615?
5, 626951723
List the prime factors of 57279969.
3, 6364441
List the prime factors of 1243891806.
2, 3, 207315301
List the prime factors of 22156751.
23, 353, 2729
List the prime factors of 586860206.
2, 457, 642079
List the prime factors of 5431463964.
2, 3, 50291333
List the prime factors of 324170678.
2, 13, 12468103
What are the prime factors of 2055038590?
2, 5, 11, 1698379
What are the prime factors of 3181439881?
107, 29733083
List the prime factors of 3762719657.
3762719657
What are the prime factors of 357413280?
2, 3, 5, 7, 106373
What are the prime factors of 30698163?
3, 1136969
What are the prime factors of 1199639925?
3, 5, 11, 484703
List the prime factors of 562968017.
71, 2789, 2843
What are the prime factors of 1016777725?
5, 263, 154643
List the prime factors of 985920124.
2, 7, 2797, 12589
What are the prime factors of 50631646?
2, 13, 1947371
What are the prime f